 s(k) = 3*k - 14. Calculate s(5).
1
Let g(r) = 2*r**2 + 5*r + 5. Calculate g(-1).
2
Let u(v) = -v**2 + 2*v - 7. Determine u(7).
-42
Let h(x) = 44*x - 3. Calculate h(-2).
-91
Let r(t) = -t**3 + 2*t**2 + 16*t + 5. Give r(5).
10
Let h(f) = -f - 3. Determine h(7).
-10
Let y(q) = -q**3 + 6*q**2 + 2*q - 6. Give y(4).
34
Let s(b) = 8*b**2 - 6*b - 4. Calculate s(-1).
10
Let q(m) = m**3 + 3*m**2 - 2*m + 3. Calculate q(-4).
-5
Let o(b) = -2*b + 7. Determine o(9).
-11
Let k(r) = -r**3 - 3*r**2 + 5*r - 14. What is k(-6)?
64
Let o(r) = -r**2 - 3*r + 26. Calculate o(-8).
-14
Let f(y) = 22*y + 143. Calculate f(-9).
-55
Let w(n) = n**3 - 6*n - 4. Determine w(3).
5
Let p(h) = -h**3 + 10*h**2 - 9*h + 9. Calculate p(9).
9
Let j(u) = -3*u**2 + 131*u - 212. What is j(42)?
-2
Let i(v) = 3*v - 18. Calculate i(-6).
-36
Let v(m) = -5*m + 6. Determine v(4).
-14
Let f(a) = 9*a + 25. Determine f(-3).
-2
Let u(y) = y**2 - 2*y - 29. Give u(10).
51
Let g(n) = -2*n**3 - 4*n**2 - 2*n. What is g(-2)?
4
Let t(p) = -p**2 - 15*p - 67. Calculate t(-6).
-13
Let b(s) = s. Calculate b(8).
8
Let j(p) = -8*p - 4. Give j(4).
-36
Let d(s) = -2*s**3 + 17*s**2 + 7*s + 4. Calculate d(9).
-14
Let z(o) = o**2 - 3*o + 2. Calculate z(0).
2
Let k(w) = -10*w - 3. Give k(-8).
77
Let j(x) = -158*x + 1898. Calculate j(12).
2
Let t(c) = c**2 - 6*c - 6. Give t(7).
1
Let n(i) = 2*i**3 + 2*i**2 - 3*i - 2. What is n(-2)?
-4
Let t(g) = g**3 + 2*g**2 - 2*g - 6. Determine t(-3).
-9
Let y(s) = -s**3 + 6*s**2 + 5*s - 5. Determine y(6).
25
Let m(q) = 5*q + 5. Determine m(-2).
-5
Let j(m) = 2*m**3 - 24*m**2 + m - 9. Determine j(12).
3
Let w(m) = -m + 12. Calculate w(13).
-1
Let y(i) = -i**2 + 3*i + 6. What is y(6)?
-12
Let x(u) = u**3 + 8*u**2 - u - 1. Determine x(-8).
7
Let i(w) = -w**2 + 12. Calculate i(-4).
-4
Let w(o) = o**2 + 11*o - 113. Determine w(6).
-11
Let v(i) = 4*i - 4. Calculate v(-1).
-8
Let f(a) = -3*a**2 + 47*a - 61. Determine f(14).
9
Let w(c) = -c**3 + 19*c**2 - 29*c - 93. Determine w(17).
-8
Let i(f) = -f**3 - 7*f**2 - 3*f. Give i(-5).
-35
Let v(t) = 17*t + 1. Calculate v(-6).
-101
Let f(u) = -u**2 + 7*u + 10. Calculate f(8).
2
Let d(s) = -3*s**3 - 5*s**2 + 12*s + 5. Give d(-5).
195
Let u(n) = -n**2 - 20*n + 634. What is u(-37)?
5
Let v(o) = 6*o + 3. What is v(2)?
15
Let q(j) = 2*j**2 + 14*j + 16. Calculate q(-8).
32
Let t(p) = -p**2 - 4*p + 79. What is t(7)?
2
Let k(s) = -s**2 + 4*s + 6. Determine k(7).
-15
Let k(q) = q**3 + 2*q**2 + 3*q + 10. Give k(0).
10
Let b(i) = -13*i + 40. Determine b(2).
14
Let y(i) = -i + 19. Determine y(14).
5
Let r(g) = 5*g**3 + g**2 - 1. Calculate r(1).
5
Let t(r) = -7*r**2 + 30*r - 8. Determine t(4).
0
Let x(r) = -r**3 + 13*r**2 - 14*r + 22. Determine x(12).
-2
Let y(b) = -37*b**2 + 2*b. Calculate y(-1).
-39
Let g(z) = 12*z**2 - 168*z + 14. Determine g(14).
14
Let w(o) = -o**3 + 9*o**2 - 8*o + 5. What is w(8)?
5
Let a(s) = -6*s**3 - 2*s - 3. Determine a(-1).
5
Let z(d) = 4*d - 16. What is z(-9)?
-52
Let l(s) = -s**2 + 16*s - 71. What is l(5)?
-16
Let t(j) = 25*j**2 - 127*j + 9. What is t(5)?
-1
Let p(s) = 3*s**2 + 55*s + 72. Calculate p(-17).
4
Let y(u) = -u**2 + 8*u - 4. Give y(7).
3
Let r(t) = 2*t**2 - 37*t + 13. Give r(18).
-5
Let i(m) = -m - 9. Calculate i(-6).
-3
Let c(d) = d**2 + 4*d - 58. Calculate c(-10).
2
Let l(t) = t - 13. Give l(6).
-7
Let m(d) = -d**2 - 26*d - 38. Give m(-25).
-13
Let o(n) = -6*n**2 + 4*n + 1. Calculate o(2).
-15
Let k(s) = -2*s**2 - 40*s - 59. Determine k(-19).
-21
Let n(t) = -t**2 + 10*t. Calculate n(10).
0
Let t(q) = 37*q - 2996. What is t(81)?
1
Let w(l) = -l**3 + 7*l**2 + 8*l + 6. Determine w(8).
6
Let g(c) = 2*c + 32. What is g(-8)?
16
Let n(d) = -d - 8. Give n(-5).
-3
Let v(r) = 19*r**2 + 4*r + 1. Give v(-1).
16
Let t(r) = -2*r**2 - 8*r + 7. Give t(-4).
7
Let p(v) = -2*v**3 - 13*v**2 + 27*v + 34. Calculate p(-8).
10
Let b(m) = -m**3 + 2*m**2 + 4*m - 4. Determine b(0).
-4
Let v(o) = o**3 - 12*o**2 + 26*o + 5. What is v(9)?
-4
Let l(r) = -4*r + 8. Calculate l(3).
-4
Let c(r) = 24*r - 124. Determine c(5).
-4
Let z(v) = v**3 + 9*v**2 + 12*v + 7. Calculate z(-8).
-25
Let l(h) = -8*h + 7. Determine l(5).
-33
Let t(w) = -3*w**2 - 3*w - 4. Calculate t(-3).
-22
Let j(d) = -10*d + 16. What is j(2)?
-4
Let s(k) = -k**2 + 21. Give s(-5).
-4
Let s(a) = a**3 - 23*a**2 - a + 50. What is s(23)?
27
Let b(c) = 2*c + 10. Calculate b(-7).
-4
Let g(q) = q**3 - 5*q**2 + 6*q - 2. Calculate g(2).
-2
Let m(q) = -3*q - 3. What is m(2)?
-9
Let h(i) = i + 4. Give h(10).
14
Let b(w) = 3*w**2 + 66*w - 149. Give b(-24).
-5
Let t(w) = 39*w + 21. Give t(-3).
-96
Let l(r) = -11*r - 38. What is l(-10)?
72
Let x(k) = -k**3 - 6*k**2 + 2*k - 11. Give x(-6).
-23
Let r(m) = m**3 - 18*m**2 + 35*m - 13. Calculate r(16).
35
Let q(o) = o**3 - 9*o**2 + 10*o - 16. Calculate q(8).
0
Let c(l) = -5*l + 33. Determine c(5).
8
Let s(f) = f + 1. Give s(-16).
-15
Let n(h) = -7*h + 63. What is n(10)?
-7
Let d(v) = v**2 - 2*v + 3. Determine d(1).
2
Let u(c) = 2*c + 34. Determine u(-15).
4
Let j(i) = i**2 - 5*i - 9. What is j(7)?
5
Let r(s) = s**2 - s + 4. Determine r(2).
6
Let j(z) = -z + 2. Give j(5).
-3
Let u(v) = -6*v**3 - 1. Calculate u(2).
-49
Let g(v) = 19*v. Calculate g(0).
0
Let f(s) = -3*s**2 + 3*s - 7. Give f(-8).
-223
Let j(c) = c**2 - 35*c + 251. Calculate j(10).
1
Let n(q) = 3*q - 12. Calculate n(-7).
-33
Let q(a) = -2*a**2 - 9*a - 5. Calculate q(-4).
-1
Let y(v) = -v**2 + v. Determine y(0).
0
Let b(g) = 3*g - 10. Determine b(7).
11
Let a(x) = x**3 - 5*x**2 + 5*x - 7. Determine a(4).
-3
Let h(f) = 3*f - 16. Give h(9).
11
Let c(k) = k**2 + 6*k + 2. Determine c(-8).
18
Let p(s) = 2*s**2 - 27*s - 23. What is p(15)?
22
Let r(d) = d**3 - 7*d**2 + 3*d + 10. Calculate r(6).
-8
Let d(w) = -w**3 - 8*w**2 + 19*w - 16. Give d(-10).
-6
Let o(p) = p**2 - 23*p + 130. Calculate o(9).
4
Let u(v) = -2*v - 8. Determine u(-3).
-2
Let c(i) = 5*i - 22. What is c(5)?
3
Let f(s) = s - 14. What is f(6)?
-8
Let n(b) = b**3 + 10*b**2 + 4*b - 7. Calculate n(-9).
38
Let r(b) = -b + 14. What is r(17)?
-3
Let s(g) = g**2 - 5*g - 6. Give s(5).
-6
Let k(x) = x**2 - 11*x + 21. Determine k(4).
-7
Let n(f) = -57*f + 564. What is n(10)?
-6
Let b(m) = m - 24. Give b(3).
-21
Let l(i) = -i**3 - 15*i**2 - 13*i + 2. Calculate l(-14).
-12
Let p(n) = -31*n**3 - 3*n**2 + 3*n - 2. Calculate p(1).
-33
Let x(r) = -3*r - 43. Give x(0).
-43
Let m(l) = -2*l + 12. What is m(9)?
-6
Let d(y) = y + 23. Calculate d(-13).
10
Let o(i) = i**3 - 4*i**2 - 4*i + 6. Give o(4).
-10
Let s(a) = -2*a**3 + 4*a**2 - 3*a. Calculate s(3).
-27
Let l(y) = y**3 + 4*y**2 - 3*y + 1. What is l(-4)?
13
Let a(t) = 36*t + 168. Calculate a(-6).
-48
Let r(j) = 11*j + 55. Calculate r(-3).
22
Let z(q) = 3*q**2 + 15*q + 14. Give z(-1).
2
Let a(i) = i**2 + 5. What is a(0)?
5
Let i(n) = n**2 - n - 10. What is i(3)?
-4
Let c(x) = x**3 + 7*x**2 - 8*x - 7. Calculate c(-5).
83
Let c(g) = -g**3 - 14*g**2 + 2*g + 11. What is c(-14)?
-17
Let a(q) = -17*q - 15. Give a(-1).
2
Let d(i) = 5*i + 40. Calculate d(-11).
-15
Let l(m) = 2*m**2 + 130*m - 273. What is l(-67)?
-5
Let a(h) = -22*h + 519. Determine a(24).
-9
Let b(p) = p**3 - 9*p**2 + 7*p. Determine b(8).
-8
Let n(a) = -12*a + 1. Determine n(1).
-11
Let l(q) = -7*q - 7. Determine l(-3).
14
Let o(x) = -5*x + 39. Determine o(5).
14
Let s(k) = -k**3 + 5*k**2 + 21*k - 36. Determine s(7).
13
Let r(m) = m**3 - 3*m**2 + m. Determine r(3).
3
Let t(f) = -f**2 + 24*f + 2. What is t(7)?
121
Let s(y) = y**3 + 1. Calculate s(-1).
0
Let r(i) = -i**3 - 24*i**2 + 24*i + 7. Give r(-25).
32
Let k(x) = x + 11. What is k(-9)?
2
Let i(y) = -y + 3. Calculate i(-7).
10
Let a(y) = -100*y**3 + y**2 + 2*y + 1. Give a(-1).
100
Let q(m) = 3*m - 3. What is q(-2)?
-9
Let s(p) = -2*p**2 + 11*p + 2. Calculate s(5).
7
Let q(h) = -2*h**3 - 4*h**2 - 1. Calculate q(0).
-1
Let g(q) = -14*q**2 - 4*q - 2. Give g(-1).
-12
Let u(i) = 9*i - 262. What is u(30)?
8
Let d(j) = -2*j - 6. Calculate d(-8).
10
Let b(m) = 4*m**2 - 9*m + 6. Calculate b(2).
4
Let c(y) = 2*y**3 - 10*y**2 + 5*y + 2. What is c(4)?
-10
Let u(l) = 2*l**2 - 76*l - 72. Determine u(39).
6
Let d(w) = w**2 - 3*w - 20. Give d(6).
-2
Let u(o) = -2*o + 107. What is u(29)?
49
Let c(k) = k**3 + 4*k**2 - k + 1. What is c(-2)?
11
Let b(o) = -o**3 + 7*o**2 + 7*o + 7. Calculate b(9).
-92
L